by 24.
23
Calculate the remainder when 1619 is divided by 90.
89
Calculate the remainder when 1107 is divided by 42.
15
Calculate the remainder when 78 is divided by 18.
6
Calculate the remainder when 423 is divided by 136.
15
Calculate the remainder when 82 is divided by 4.
2
What is the remainder when 751 is divided by 59?
43
Calculate the remainder when 47 is divided by 10.
7
Calculate the remainder when 1492 is divided by 496.
4
What is the remainder when 162 is divided by 39?
6
What is the remainder when 33 is divided by 4?
1
Calculate the remainder when 484 is divided by 6.
4
What is the remainder when 677 is divided by 102?
65
Calculate the remainder when 5003 is divided by 454.
9
What is the remainder when 1629 is divided by 203?
5
What is the remainder when 6320 is divided by 43?
42
What is the remainder when 649 is divided by 109?
104
Calculate the remainder when 48 is divided by 29.
19
Calculate the remainder when 361 is divided by 165.
31
What is the remainder when 966 is divided by 121?
119
What is the remainder when 323 is divided by 13?
11
What is the remainder when 274 is divided by 24?
10
Calculate the remainder when 2433 is divided by 606.
9
Calculate the remainder when 608 is divided by 123.
116
Calculate the remainder when 148 is divided by 64.
20
What is the remainder when 52 is divided by 5?
2
What is the remainder when 36788 is divided by 10?
8
Calculate the remainder when 269 is divided by 39.
35
What is the remainder when 2868 is divided by 19?
18
Calculate the remainder when 822 is divided by 260.
42
Calculate the remainder when 153 is divided by 124.
29
What is the remainder when 70 is divided by 25?
20
What is the remainder when 6426 is divided by 6422?
4
What is the remainder when 61 is divided by 57?
4
What is the remainder when 236 is divided by 16?
12
What is the remainder when 5041 is divided by 36?
1
What is the remainder when 209 is divided by 53?
50
Calculate the remainder when 1622 is divided by 792.
38
Calculate the remainder when 238 is divided by 80.
78
Calculate the remainder when 1245 is divided by 48.
45
What is the remainder when 1191 is divided by 585?
21
Calculate the remainder when 335 is divided by 26.
23
What is the remainder when 221 is divided by 8?
5
Calculate the remainder when 2006 is divided by 9.
8
What is the remainder when 1922 is divided by 639?
5
What is the remainder when 187 is divided by 28?
19
What is the remainder when 557 is divided by 261?
35
Calculate the remainder when 374 is divided by 75.
74
What is the remainder when 350 is divided by 93?
71
Calculate the remainder when 737 is divided by 62.
55
What is the remainder when 4766 is divided by 19?
16
What is the remainder when 2719 is divided by 4?
3
What is the remainder when 1017 is divided by 479?
59
Calculate the remainder when 2576 is divided by 216.
200
Calculate the remainder when 1981 is divided by 95.
81
Calculate the remainder when 331 is divided by 8.
3
What is the remainder when 265 is divided by 135?
130
Calculate the remainder when 159 is divided by 18.
15
What is the remainder when 318 is divided by 27?
21
What is the remainder when 57 is divided by 23?
11
Calculate the remainder when 11883 is divided by 21.
18
What is the remainder when 1956 is divided by 49?
45
Calculate the remainder when 55 is divided by 12.
7
Calculate the remainder when 725 is divided by 15.
5
Calculate the remainder when 581 is divided by 473.
108
Calculate the remainder when 302 is divided by 34.
30
What is the remainder when 6953 is divided by 74?
71
Calculate the remainder when 570 is divided by 90.
30
Calculate the remainder when 64174 is divided by 112.
110
Calculate the remainder when 228 is divided by 62.
42
What is the remainder when 134 is divided by 132?
2
Calculate the remainder when 1332 is divided by 103.
96
What is the remainder when 141 is divided by 24?
21
Calculate the remainder when 925 is divided by 9.
7
What is the remainder when 98 is divided by 34?
30
Calculate the remainder when 1041 is divided by 44.
29
Calculate the remainder when 21 is divided by 19.
2
What is the remainder when 783 is divided by 56?
55
Calculate the remainder when 2079 is divided by 65.
64
Calculate the remainder when 449 is divided by 286.
163
Calculate the remainder when 2260 is divided by 119.
118
What is the remainder when 77 is divided by 25?
2
What is the remainder when 400 is divided by 55?
15
Calculate the remainder when 822 is divided by 122.
90
Calculate the remainder when 97 is divided by 52.
45
Calculate the remainder when 535 is divided by 9.
4
What is the remainder when 229 is divided by 122?
107
Calculate the remainder when 34 is divided by 15.
4
What is the remainder when 3524 is divided by 58?
44
What is the remainder when 18674 is divided by 92?
90
What is the remainder when 220 is divided by 68?
16
Calculate the remainder when 348 is divided by 61.
43
What is the remainder when 3103 is divided by 45?
43
Calculate the remainder when 682 is divided by 57.
55
What is the remainder when 185 is divided by 47?
44
What is the remainder when 789 is divided by 113?
111
Calculate the remainder when 1348 is divided by 1.
0
What is the remainder when 809 is divided by 30?
29
What is the remainder when 284 is divided by 33?
20
Calculate the remainder when 49 is divided by 22.
5
What is the remainder when 267 is divided by 13?
7
Calculate the remainder when 2467 is divided by 15.
7
Calculate the remainder when 223 is divided by 28.
27
What is the remainder when 732 is divided by 201?
129
Calculate the remainder when 157 is divided by 134.
23
Calculate the remainder when 166 is divided by 19.
14
Calculate the remainder when 5360 is divided by 173.
170
What is the remainder when 25664 is divided by 29?
28
What is the remainder when 1096 is divided by 44?
40
What is the remainder when 461 is divided by 22?
21
What is the remainder when 12767 is divided by 31?
26
What is the remainder when 839 is divided by 39?
20
Calculate the remainder when 305 is divided by 9.
8
What is the remainder when 192 is divided by 17?
5
Calculate the remainder when 28 is divided by 9.
1
What is the remainder when 1144 is divided by 193?
179
What is the remainder when 31738 is divided by 17?
16
What is the remainder when 62 is divided by 37?
25
What is the remainder when 1243 is divided by 29?
25
What is the remainder when 434 is divided by 87?
86
Calculate the remainder when 204 is divided by 6.
0
Calculate the remainder when 272 is divided by 43.
14
What is the remainder when 605 is divided by 198?
11
What is the remainder when 18586 is divided by 12?
10
Calculate the remainder when 684 is divided by 333.
18
What is the remainder when 1274 is divided by 186?
158
What is the remainder when 82 is divided by 5?
2
What is the remainder when 593 is divided by 35?
33
What is the remainder when 549 is divided by 137?
1
What is the remainder when 268 is divided by 40?
28
What is the remainder when 583 is divided by 12?
7
What is the remainder when 7501 is divided by 61?
59
Calculate the remainder when 1307 is divided by 12.
11
Calculate the remainder when 10236 is divided by 94.
84
What is the remainder when 983 is divided by 978?
5
Calculate the remainder when 2788 is divided by 33.
16
What is the remainder when 873 is divided by 54?
9
What is the remainder when 297 is divided by 167?
130
What is the remainder when 7 is divided by 2?
1
Calculate the remainder when 720 is divided by 103.
102
Calculate the remainder when 10638 is divided by 112.
110
Calculate the remainder when 87 is divided by 11.
10
What is the remainder when 6862 is divided by 24?
22
What is the remainder when 88 is divided by 30?
28
What is the remainder when 454 is divided by 16?
6
What is the remainder when 9299 is divided by 31?
30
Calculate the remainder when 9 is divided by 2.
1
What is the remainder when 28 is divided by 21?
7
What is the remainder when 86 is divided by 31?
24
Calculate the remainder when 565 is divided by 21.
19
Calculate the remainder when 75 is divided by 42.
33
Calculate the remainder when 248 is divided by 124.
0
Calculate the remainder when 399 is divided by 9.
3
Calculate the remainder when 5295 is divided by 16.
15
What is the remainder when 1306 is divided by 77?
74
